. List the prime factors of j.
3, 59
Suppose -198*k + 25 = -193*k. Suppose 688 = 3*m - k*w - 904, 2*m + w - 1057 = 0. List the prime factors of m.
23
Suppose -2*v = 4*v - 24. Suppose -503 + 155 = -v*k. Let b = 238 - k. List the prime factors of b.
151
Suppose 50*q = -19*q + 67482. List the prime factors of q.
2, 3, 163
Suppose -6*l + 6248 = 2330. Let d = 1161 - l. What are the prime factors of d?
2, 127
Let v(x) = 4*x**2 - 5*x**2 - 2610*x + 2639*x - 181. List the prime factors of v(16).
3
Suppose 14 = -3*r + 62. Suppose r = q + 3*q, -2*f + 24 = 5*q. Suppose -f*a - 2*a = 3*o - 24, 0 = 2*o - 2*a - 2. List the prime factors of o.
2
Suppose -z + 1 = -4*t - 8, -2*t = 3*z - 13. Let l = -4 + 7. Suppose z*y - a - 29 = 0, 2*y - l*a = -2*y + 32. List the prime factors of y.
5
Let f = -34 - -33. Let k be 0 + 2 + 3 + f. Suppose -144 = -4*q + 4*h, h - 190 = -5*q + k*h. What are the prime factors of q?
41
Suppose 28*a + 11333 = -11*a + 46*a. List the prime factors of a.
1619
Suppose -4*u + s + 113733 = 0, 63*u - 65*u = 6*s - 56860. What are the prime factors of u?
28433
Let b(h) = -555*h - 6800. List the prime factors of b(-19).
5, 7, 107
Let v(f) = 2082*f**2 + 179*f + 530. What are the prime factors of v(-3)?
18731
Let n = 76 - 71. Suppose -n*a = -10*a + 15. Suppose 3*r = -r - a*p + 405, 206 = 2*r - 2*p. What are the prime factors of r?
2, 3, 17
Let x(l) be the first derivative of -21 + 0*l + 1/3*l**3 - 9/2*l**2. List the prime factors of x(14).
2, 5, 7
Let x(l) = -31*l + 5. Let j be x(3). Let k = -85 - j. What are the prime factors of 2/k + (-754)/(-39)?
2, 5
Suppose 14 = -l - 0*l - 5*x, 2*l - 4*x = 14. What are the prime factors of (1785/34)/(l/2)?
3, 5, 7
Let n = -95 - -110. Suppose -n*a - 26*a + 58097 = 0. What are the prime factors of a?
13, 109
Let b(o) = 130*o**2 - 12*o - 2. Let r be b(-3). Let h = -692 + r. List the prime factors of h.
2
Let s be (26/(-8))/((-1)/4). Let q = 85 + -81. Suppose 16 = -q*r, -n + 13 + s = 5*r. What are the prime factors of n?
2, 23
Let t = 411 - 605. What are the prime factors of 14/(190/t - 16/(-16))?
7, 97
Let m(j) = -54*j - 40. Suppose n - 35 = 4*v + v, -n - 28 = 4*v. What are the prime factors of m(v)?
2, 13
Let a(v) = 3*v**2 - 6*v + 18. Let h be a(11). Let s = h + 275. Suppose c + 4*c = s. What are the prime factors of c?
2, 59
Suppose -84697 - 108014 = -24*c - 23751. What are the prime factors of c?
2, 5, 11
Suppose -29358 = 29*z - 33*z + 5*k, 2*k = z - 7341. List the prime factors of z.
11, 23, 29
Suppose 5*t - v - 47 = 0, 15 = 4*t + v - 19. Suppose t*p = -548 + 80. Let z = 178 + p. List the prime factors of z.
2, 3, 7
Let f(s) = 71*s**3 + 19*s**2 - 135*s - 13. List the prime factors of f(7).
2, 12163
Let r(k) = 8*k**2 - 4*k - 13. Suppose l - 1 = 2*l - 2*o, -3*l + o + 17 = 0. List the prime factors of r(l).
3, 13
Let t(k) = 347*k**2 + 38*k + 127. List the prime factors of t(-9).
2, 19, 367
Let g = 174 + -156. Suppose 28*f - g*f = 140. What are the prime factors of f?
2, 7
Let l(d) = 4*d**2 + 2*d - 3. Let b be l(0). List the prime factors of 0 - -133*(-3)/b.
7, 19
Let r(o) = -o**3 + 31*o**2 - 56*o - 54. Let g be r(29). What are the prime factors of (g + 2 - 2)*(-21)/(-12)?
7
Let v = 63598 - -285. What are the prime factors of v?
193, 331
Suppose 5*n - 3*c = 154, 64 = 2*n - 4*c + 2*c. Let q(t) = 3*t**2 + 9*t - 2*t**2 - 5*t + 33 - n*t. List the prime factors of q(24).
3
Suppose -2*b + 148942 = 4*p, -74441 = -b - 9*p + 13*p. What are the prime factors of b?
19, 3919
Suppose -1062676 = -124*u - 54*u + 62*u. What are the prime factors of u?
9161
Suppose 5*f + 3*f - 32 = 0. Suppose f*o - 12 = 6*o. List the prime factors of 8/o*(-6)/4 + 41.
43
Let j(y) = 6068*y**2 + 83*y + 167. What are the prime factors of j(-2)?
3, 29, 31
Let p(m) = m**3 + 20*m**2 - 23*m - 43. Let q be p(-21). List the prime factors of q/(-1) + -1 - (-10 + -284).
2, 3, 7
Suppose 3*m + 14 = -q, -26*m + 21*m + 3*q = 28. List the prime factors of -4 - (2 - 633 - m/1).
2, 311
Let o = -514 + 515. List the prime factors of 618 - (1 + 5)*o/(-2).
3, 23
Let t(w) = -3*w + 12. Let r be t(3). Suppose 7*k = 9*k. Suppose k = 5*s - 3*c - 611, r*s - 162 - 195 = -3*c. List the prime factors of s.
11
Let d(g) = -g**3 + 12*g**2 + 16*g + 2. Let o be (-47 + 25)*1/(-2). List the prime factors of d(o).
13, 23
Let m = -295 + 286. List the prime factors of ((-13)/5)/(m/1170).
2, 13
Let d be 247/(-4)*(-50 - -42). List the prime factors of 2 - (-1*d - 6).
2, 251
What are the prime factors of -197823*1/(-3) + 5 + -13?
7, 9419
Let w(a) = a**3 - 10*a**2 + 5*a - 18. Let x be w(10). Let o be (1 - 2/4)*x/8. Suppose o*d + 4*d - 684 = 0. List the prime factors of d.
2, 3, 19
Suppose -54*c + t = -57*c + 89287, -148865 = -5*c + 5*t. What are the prime factors of c?
5, 5953
Let i(t) = 541*t - 441. What are the prime factors of i(9)?
2, 3, 41
Let c(b) = -b**3 - 15*b**2 + 3*b - 72. Let z(m) = 3*m**3 + 46*m**2 - 10*m + 215. Let j(q) = -17*c(q) - 6*z(q). What are the prime factors of j(-22)?
2, 5, 11
Let b = -46389 + 76896. List the prime factors of b.
3, 10169
What are the prime factors of (-1018)/(-2) + 20*(-24)/120?
5, 101
Let p = 331 + -331. What are the prime factors of 138 + (-14 + 14)*(p - 1)?
2, 3, 23
Suppose 0 = -2*j - 4*j. Suppose 3*x + l - 28 = j, -l + 0 = -x + 8. Suppose -4*r + x*r - 160 = 0. List the prime factors of r.
2
Suppose 49549 = 10*b - 0*b - 11681. List the prime factors of b.
3, 13, 157
Suppose 0 = 989*r - 1013*r + 964776. List the prime factors of r.
61, 659
Suppose -22*d + 17*d = 15*d - 559940. List the prime factors of d.
27997
Suppose 0 = 5*j + 4268 - 1168. Let l = -544 - j. What are the prime factors of l?
2, 19
List the prime factors of 4/(-2) + 1925883/324 + (-2)/24.
2, 2971
What are the prime factors of -2*((-21212)/40 + 3) + 2/5?
5, 211
Let f(q) = 11*q**2 - 31*q + 547. What are the prime factors of f(37)?
19, 761
Suppose 0 = -4*p + 27*p - 7515 - 32505. List the prime factors of p.
2, 3, 5, 29
Let a(s) be the first derivative of -s**4 - s**3/3 - 7*s**2 + 21*s - 235. What are the prime factors of a(-7)?
2, 7, 103
Suppose -8*u + 991 = -273. Let m = 91 - u. Let w = m - -306. What are the prime factors of w?
239
Suppose 25 = -5*t, w + 8 + 5 = -2*t. Let y be (-20)/12 + 1 - 62/w. Suppose -r - y = -60. List the prime factors of r.
2, 5
Suppose v - 28 = -4*r - v, 3*r - 27 = -3*v. Suppose 341 + 474 = -r*c. Let u = 320 + c. List the prime factors of u.
157
What are the prime factors of ((-4)/48*-44342 - -3)*6?
22189
Let u = 5211 + -1306. Suppose 0*x - 2*s = 3*x - 2321, -4*s = -5*x + u. List the prime factors of x.
3, 7, 37
Let m = 19081 - 6072. What are the prime factors of m?
13009
Suppose 3*k = -4*u - 6, 0 = 5*u - 0 + 15. Let f be (1/2)/((-3)/(-12)) + k. Suppose -2*d + 72 = -4*p, -225 + 33 = -5*d + f*p. What are the prime factors of d?
2, 5
Suppose 0*k - 4*k + 14*j = -35376, 0 = -5*k + 4*j + 44220. List the prime factors of k.
2, 3, 11, 67
List the prime factors of (-2)/(224/1287804*(-6)/8).
15331
Let c(a) = 5*a**3 - 2*a**2 - 16*a + 37. List the prime factors of c(7).
2, 3, 257
Let k(i) = i**3 - 9*i**2 + 8*i + 113. List the prime factors of k(33).
26513
Suppose -8*j - 8898 + 2482 = 0. Let x = j - -1137. What are the prime factors of x?
5, 67
Let i(s) = -141*s**3 - 40*s**2 - 21*s - 62. List the prime factors of i(-4).
2, 3, 467
Let v be (1 + -2 - 65)/(327/(-218)). List the prime factors of 6*8/264 - (-3072)/v.
2, 5, 7
Let x = 10668 + 9943. What are the prime factors of x?
20611
Let v = 848 - 492. List the prime factors of v - 2/(4/(-10)).
19
Let y(c) = 13*c**3 - 2*c**2 - 18*c + 213. What are the prime factors of y(14)?
3, 17, 691
Suppose -9*w + 2*h = -51331, 0 = -w - 2*h + 7592 - 1893. What are the prime factors of w?
3, 1901
Let p(i) = -i + 26. Let q be p(14). Suppose -y + 5*y - q = 0. What are the prime factors of -1*(-96)/y + 3?
5, 7
Let h(c) = -c**2 - 4*c + 8. Let p be h(6). Let z = 56 + p. Suppose -2*x = -z*x + 266. What are the prime factors of x?
7, 19
Suppose 5*v - 165 = -f, -2*f + 345 = -9*v + 4*v. Let o = -128 + f. List the prime factors of o.
2, 3, 7
Suppose -576 = -p + 17*p. What are the prime factors of p/(-8)*(-744)/(-54)?
2, 31
Let h = -9500 + 16768. What are the prime factors of h?
2, 23, 79
Suppose 0 = -3*s + 82*d - 85*d + 9, 0 = -3*s + d + 17. Suppos